x + 3. What is the tens digit of b(z)?
1
Let a(u) = -5*u**3 + 34*u**2 + 4*u - 38. Let o(x) = 6*x**3 - 34*x**2 - 4*x + 38. Let q(m) = 5*a(m) + 4*o(m). What is the units digit of q(34)?
8
Let i be (-2)/(-5) + 6/(-15). Let o be i + (-2 - -8)/2. Suppose 0 = o*q - 4*q + 14. What is the tens digit of q?
1
Let m(z) = z**2 + 7*z. Let n be m(-7). Suppose 4*x - 2*x - 8 = n. Suppose -8 = -x*t - 0, 5*t - 220 = -5*i. What is the units digit of i?
2
Suppose -q - 2*b + 99 = 0, -10*b + 6*b = -2*q + 238. What is the hundreds digit of q?
1
Let f be (-22)/33 + (-231)/(-9). Suppose -4*s + f = -3*s + b, 3*s - 59 = 5*b. What is the units digit of s?
3
Let f be 6/45 - (-3112)/60. Let l = f + 68. Suppose -3*c + l = 5*v, -4*v + 56 = -5*c - 40. What is the tens digit of v?
2
Suppose -3*b - 2*i + 268 = 0, 4*i = -2*b + 7*b - 410. Let x = b - -4. What is the tens digit of x?
9
Let z = 1026 + -209. Suppose -470 - z = -9*n. Suppose u - 8 - n = -3*i, -5*u + 118 = 2*i. What is the units digit of i?
9
Let d(t) = -t**2 - t + 4. Let n be d(0). What is the tens digit of ((-36)/(-15))/(n/(160/6))?
1
Let n = 137 + 440. What is the tens digit of n?
7
Let l(o) be the first derivative of -3*o**2/2 - 11. What is the units digit of l(-3)?
9
Suppose -7672 = -3*u + 7*u. Let p be 1/2*u/(-7). Let k = -94 + p. What is the units digit of k?
3
Let l(s) = 116*s + 221. What is the tens digit of l(14)?
4
Suppose -5*p - 7*n + 11*n = -19, -3*p - 2*n + 29 = 0. What is the units digit of p?
7
Let r = 358 - 622. Let b = -172 - r. What is the tens digit of b?
9
Let v = -910 + 1639. What is the units digit of v?
9
Let t(y) = 2*y + 38. Let i be t(-19). Suppose 3*x - 5*p + 11 = 525, -4*x - 5*p + 662 = i. What is the hundreds digit of x?
1
Let p = 42 - 87. Let d = p + 27. What is the units digit of (-440)/(-36) - (-4)/d?
2
Suppose 33*r = 31*r + 12. Let w(y) = y**3 - 5*y**2 - 3*y - 6. What is the units digit of w(r)?
2
Let l(w) be the second derivative of -w**4/12 + 3*w**3/2 + 2*w**2 - 10*w. Let g be (-46)/(-6) + 1/3. What is the tens digit of l(g)?
1
Let k(r) = -20*r**2 + 33*r + 27. Let z(t) = -7*t**2 + 11*t + 9. Let b(d) = -6*k(d) + 17*z(d). What is the tens digit of b(13)?
1
Let m = 283 + -115. What is the units digit of m + -3 + -4 + 2?
3
Let z be (3/2)/(27/(-36)). Suppose 3*j + 5*g - 3 = 14, 5*g = -j + 19. What is the tens digit of (-2)/(z/j)*-51?
5
Suppose 0 = -n - n - 4. Let c be ((-1)/(-1) - -1)*n. What is the tens digit of 4*(-5)/c*6?
3
What is the hundreds digit of -7 - (247/(-1) - -6)?
2
Suppose 24*h - 5070 = 258. What is the units digit of h?
2
Let s = 2037 - 1275. What is the tens digit of s?
6
Suppose -150252 = 13*k - 51*k. What is the thousands digit of k?
3
Suppose -3*l = 2*l - 735. Let f = -94 + l. Let m = 16 + f. What is the units digit of m?
9
Let p(b) = b**2 + 16*b + 15. Let t be p(-13). Let q = -27 - t. What is the tens digit of (-2226)/(-56) - q/(-4)?
3
Suppose -10 = 5*r, p = 3*p + 4*r + 2. Suppose p*k = 221 + 739. What is the tens digit of k?
2
Suppose -26*m - 6481 = -47821. What is the units digit of m?
0
Let g(v) = 1263*v**3 - 2*v + 1. Let t be g(1). What is the units digit of t/8 - -1 - (-3)/12?
9
Let h(a) = -254*a + 3. What is the hundreds digit of h(-1)?
2
Let l = -90 + 141. Let x = l - 26. What is the tens digit of x/((4/8)/1)?
5
Let j be 20/(-70) - (-24)/(-14). What is the units digit of -24*(48/(-9) - j)?
0
Let b(w) = 7*w**2 - 30*w + 45. What is the thousands digit of b(17)?
1
Suppose -o - 1 = 2*r - 3*r, 5*r - 45 = -5*o. Suppose o = 2*d - 4. Suppose 5*l - 151 = -5*j + d*j, -l + 5*j = -25. What is the tens digit of l?
3
Let n(z) be the third derivative of z**6/60 + z**5/40 - z**4/8 + 5*z**3/6 - 3*z**2. Let u(v) be the first derivative of n(v). What is the units digit of u(2)?
7
Suppose 3*c - 835 = 2*w, 5*w = 5*c - 1058 - 342. What is the units digit of c?
5
Suppose 4*x - 28 = -2*c, -2*x - 2*c + 10 = -6. Let n be x/12 + 82/(-4). Let t = 33 + n. What is the tens digit of t?
1
Suppose 12*h + 1539 - 6003 = 0. What is the units digit of h?
2
Let i be (-210)/36 - (-2)/(-12). Let b be i/21 + 888/21. Suppose -b = -w - 2*w. What is the tens digit of w?
1
Let x(u) = u**2 - 6*u - 4. Let w be x(7). Suppose -3*q = 3*n + 18 - 354, -5*n - 320 = -w*q. What is the hundreds digit of q?
1
Suppose 5*w - 43 = -28, 0 = 4*y + w - 9787. What is the hundreds digit of y?
4
Suppose 0 = 24*k - 19*k - 1145. Let y = k - 148. What is the units digit of y?
1
Suppose -10*o + 43 = -7. Suppose -o*l + 357 = -4*r, 2*l + 0*l - 4*r = 150. What is the units digit of l?
9
Let n = -409 + 740. What is the units digit of n?
1
Let f be 3 + (-2)/(-3)*6. Let w(z) = z**2 - 8*z + 10. Let i be w(f). Suppose 3*b = -i*n + 105, 2*n - 5 - 69 = -4*b. What is the units digit of n?
3
Let z = -17 + 24. Suppose -5*i + 76 = 3*v, -4*v - z = -5*i + 55. Suppose 19*y - 115 = i*y. What is the tens digit of y?
2
Suppose 4*o = -0*o - n + 19, o - 3*n = -5. Suppose 19 = -o*i + 175. What is the units digit of i?
9
Let h(u) = -u. Let k be h(5). Let z = -1 + k. What is the units digit of z/(-1)*(-2)/(-4)?
3
Let c(t) = -3*t + 2. Let y be c(2). Let x be -1 - y/(-4) - -4. Let d(b) = 11*b**2 - 2*b. What is the units digit of d(x)?
0
Suppose -3*u = -3*i + 132, -5*i - 3*u = 16 - 228. Suppose -4*n = -i - 89. What is the tens digit of n?
3
Suppose 16*t - 19*t = -300. Suppose g = t + 21. What is the units digit of g?
1
Let x(y) be the second derivative of -y**5/20 + y**4/12 + 3*y**2 + 3*y. Let c be x(0). What is the units digit of 156/18*c/4?
3
Let k(h) = 308*h**3 - 3*h**2 + 14*h - 22. What is the tens digit of k(2)?
5
Let m(a) = 5*a + 3. Let b be m(3). Suppose 2*j = 4*j - 92. Let l = j - b. What is the units digit of l?
8
Let z be (6/(-4))/((-9)/1092). Suppose 0 = -5*s + z + 3. What is the units digit of s?
7
Suppose -33*n + 30*n = -441. What is the tens digit of n?
4
What is the tens digit of 297/22*(57/9 - 3)?
4
Let l = 292 + 42. What is the units digit of l?
4
What is the tens digit of (-4)/((-48)/28)*(25 + 566)?
7
Let f = 434 - 260. What is the hundreds digit of f?
1
Let c = -25 + 71. What is the units digit of c?
6
Let j = -194 - -286. What is the tens digit of j?
9
Suppose -9*z = -6286 + 913. What is the hundreds digit of z?
5
What is the units digit of (-7 + 188)*1*2?
2
Suppose 11*w = 11 + 22. Suppose 35 - w = 4*s. What is the units digit of s?
8
What is the units digit of 122320/45 - -4 - 24/108?
2
What is the tens digit of (0/(-2) + -526)/((-69)/138)?
5
Let w be (14/(-4))/(1/(-60)). Suppose 4*c - g = w, -4*c + c = 3*g - 150. What is the tens digit of c?
5
Let n(u) = -2*u**3 - u**2 + 4*u. Let l be n(-2). Suppose 4*y - 146 - 138 = -l*a, 3*a + 219 = 3*y. What is the units digit of y?
2
Let p be 2/(-2) + 1106/14. Suppose 0 = 4*k + 18 - p. What is the units digit of k?
5
Let u(w) = -26*w + 1. Suppose 7 = 4*o - 9. Suppose -1 = -3*y - o. What is the tens digit of u(y)?
2
Suppose 2*o - 222 - 46 = 0. Suppose -l + 36 = -o. What is the units digit of l?
0
Suppose 2*j = 4*a - 320, -j = 4*a - a + 135. Let h = 496 - 712. Let v = j - h. What is the tens digit of v?
6
Let b(a) = 48*a + 139. What is the units digit of b(6)?
7
Let k(t) be the first derivative of t**4/4 + 7*t**3/3 + t**2/2 + t + 1. Let h(s) = s**2 + 2*s - 6. Let y be h(-3). What is the units digit of k(y)?
4
Suppose 192*b - 195*b = m - 15492, 5*m + 10328 = 2*b. What is the units digit of b?
4
Let s(b) = b**3 + 7*b**2 - 2*b + 3. Let l be s(5). Suppose -3*w - l = -5*i, -3*i + 6*w + 177 = 3*w. What is the tens digit of i?
5
Suppose -37 - 132 = -13*p. What is the tens digit of 547/4 + -1 - p/(-52)?
3
Let w(u) = u**3 + 8*u**2 - 12*u. Let o(a) = -8*a**3 - 3*a**2 + a + 1. Let i be o(1). What is the tens digit of w(i)?
2
Let r = 1802 - 650. What is the units digit of r?
2
Let s = 12 - 6. Suppose 9*f = s*f + 12. What is the units digit of f?
4
What is the hundreds digit of (76 - -251) + -6 + (0 - -1)?
3
Suppose 31*i - 9203 = 55246. What is the hundreds digit of i?
0
Let u = -331 - -611. Suppose -60 = -2*i + u. What is the tens digit of i?
7
Let v = -62 + 115. Let t(m) = m**2 + 5*m + 2. Let f be t(-5). Suppose 0 = 2*b - 5*g - v, f*g + 28 = b - g. What is the tens digit of b?
1
Let w(v) be the second derivative of -v**4/12 - 3*v**3/2 - 4*v**2 - 7*v. Let g be w(-6). Suppose g*l = 6*l + 8. What is the units